*w. What is the remainder when 18 is divided by w?
0
Let c(v) = v - 3. Let y be c(3). Let g(o) = 6 + 8*o - 5*o + 7 + 5. Calculate the remainder when g(y) is divided by 4.
2
Let w(x) = -x**2 - 8*x + 9. Suppose -3*l = 6, -4*c - 2*l + 5 = -c. Suppose -c*m + m + 94 = 0. Calculate the remainder when m is divided by w(-7).
15
Let o = 1861 - 1771. Calculate the remainder when 716 is divided by o.
86
Let r be (4 - 0)*((-57)/(-4) + -1). Suppose 56*t - r*t = 21. Calculate the remainder when 15 is divided by t.
1
Let w(m) = -m**3 + 6*m**2 + 5*m - 14. Suppose 2*b - 79 - 31 = 0. Suppose -10 = 5*k - b. What is the remainder when w(6) is divided by k?
7
Suppose -9*u = 22*u - 7750. Calculate the remainder when u is divided by 63.
61
Let d(c) be the second derivative of -22*c**3/3 - c**2 - 7*c. Let k(l) = 16*l**2 + 2*l + 1. Calculate the remainder when d(-1) is divided by k(-1).
12
Let i(u) = -u**3 - 5*u**2 - 2*u - 2. Let k be -1 + 0 + 2 - 6. Calculate the remainder when (-24)/10*(-35)/42*15 is divided by i(k).
6
Let n = 23 - 11. Let b = -890 + 937. Calculate the remainder when b is divided by n.
11
Let o = 448 - 410. Calculate the remainder when 2011 is divided by o.
35
Let h(s) = -173*s - 2. Let w be h(-1). Let j be ((-140)/15)/(6/w). Calculate the remainder when (-2)/10 + j/(-5) is divided by 27.
26
Let p = 49 - 84. Let g = p - -61. What is the remainder when g is divided by 16?
10
Let f = -1190 - -1389. Calculate the remainder when f is divided by 42.
31
Let m(l) = 2*l**2 - 36*l - 34. Let v be m(19). Suppose -v*n + 5*j = -37, 27 = 3*n - 5*j + 3. Calculate the remainder when 25 is divided by n.
12
Let g = -16 + 16. Suppose -5*o + 17 = y - 44, 0 = -3*y - 4*o + 128. Suppose 4*x - 8 - y = g. Calculate the remainder when 19 is divided by x.
8
Let f(s) = 92*s**2 - s - 2. What is the remainder when f(1) is divided by 49?
40
Let f be -25 - 0 - (0 + -4). Let l(s) = s**2 + 19*s + 39. What is the remainder when l(f) is divided by 43?
38
Let t be (-103 - -3 - 1)/((-8)/16). Suppose 52 - t = -6*b. Calculate the remainder when b is divided by 17.
8
Suppose 0 = -2*d + 3*d - 1. Let s = 5 - d. Calculate the remainder when 264/5 - s/(-20) is divided by 27.
26
Suppose -3*c = -518 - 124. What is the remainder when c is divided by 54?
52
Let d = -50 + 27. Let j = 85 + d. What is the remainder when j is divided by 16?
14
Let l = -4 - -6. Suppose -5*c - 1 = -2*i - 7, 5*c = 5*i. Suppose 5*r + i = 7. What is the remainder when l is divided by r?
0
Let j be 4*(2 + 0 + 0). What is the remainder when (-132)/(-42)*(j - 1) is divided by 8?
6
Let i = 24 - -60. Suppose n - 109 = 5*m - 545, 0 = m - n - i. Suppose 2*y + y = -4*q + 106, -116 = -4*y + q. What is the remainder when m is divided by y?
28
Let s = 36 - 16. Let a = s - 18. Suppose -2*c - 4*q = -96, a*c - 18 = c + 4*q. Calculate the remainder when c is divided by 13.
12
Let h(k) = k + 20. Calculate the remainder when h(24) is divided by 3.
2
Suppose 5*p - g + 51 = 0, -3*p + 8*p + 54 = 4*g. What is the remainder when 6 is divided by ((0 - 2) + 1)/(p/30)?
0
Suppose -6*u - 16 = 2. What is the remainder when 21 is divided by 4/u*(-36)/8?
3
Suppose -6 = -3*i - 0. What is the remainder when 36 is divided by 12 - (-3*(-8)/(-12))/i?
10
Suppose -w = -j - j - 28, -5*j - 4*w - 44 = 0. Suppose 5*a - 2*a = 3*n + 216, 290 = 4*a - 2*n. Let t = a + j. Calculate the remainder when t is divided by 32.
29
Suppose -314*u + 2*x = -315*u + 38, -u + 33 = -3*x. Calculate the remainder when u is divided by (-20)/(-8)*1*4.
6
Let a(q) = 53*q**2 - 2*q - 1. Suppose s - 2*s + 13 = 0. Calculate the remainder when a(1) is divided by s.
11
Let z(p) = -100*p**2 + 49*p**2 + 50*p**2 + 13 - 10*p. Calculate the remainder when (0 + (-85)/2)*-2 is divided by z(-9).
19
Suppose 3*p + 14 = f, 0 = -0*p - 2*p + 3*f. Let o be 6/12 + (-69)/p. What is the remainder when 1*8 - o/(-4) is divided by 6?
5
Let h = -147 - -301. Calculate the remainder when h is divided by 6.
4
Suppose 3*p - 25 = -10. Suppose 0 = -b - p*l + 1 + 1, -l - 140 = -5*b. Calculate the remainder when 75 is divided by b.
21
Let v = -525 + 1146. Calculate the remainder when v is divided by 24.
21
Let q(d) = 2*d**2 + d - 7. Calculate the remainder when 49 is divided by q(-4).
7
Let d = 17 - 11. Let j(s) = 2*s - 1. Let c be j(d). Let v = -1 + c. Calculate the remainder when 18 is divided by v.
8
Let n = 143 - 65. Let j = -5 + n. Suppose -10 = -3*d + 47. What is the remainder when j is divided by d?
16
Let w = 6 + -2. Suppose -w*q + 32 = -4*v, 0 = 5*q - 3*v + 6*v - 64. Let k = 22 - q. What is the remainder when k is divided by 6?
5
Suppose 2*r - 15 = 3*p, -p - 2 - 3 = -r. Suppose -5*k + r*k + 85 = 0. Calculate the remainder when 1*(-59)/(-1) - (-9 - -3) is divided by k.
14
Let q(j) = -2*j**3 + 13*j**2 + 5*j - 5. Let l be q(7). Let h = l + 39. Calculate the remainder when 158 is divided by h.
18
Let u be -2 + (0/(-1) - -2). Suppose -5*t + 20 = u, -c - 1 - 1 = -3*t. Suppose 809 - 101 + 2640 = 186*s. Calculate the remainder when s is divided by c.
8
Let w(d) = 2*d**2 + 10*d - 9. Let c = 4 - 12. What is the remainder when w(c) is divided by 192/33 + (-32)/(-176)?
3
Let m be (-122)/(-3) - (-6)/36*8. Suppose -26*g + 27*g = m. What is the remainder when g is divided by 9?
6
Suppose -17*z + 28*z - 1485 = 0. What is the remainder when z is divided by 37?
24
Let m = -5 + 0. Let y = 20 - m. Suppose 0 = -3*u + 5*v + 11, u + 0*u + 1 = 4*v. What is the remainder when y is divided by u?
4
Suppose -32*h + 36*h + 224 = 0. Let j = h + 94. Calculate the remainder when 75 is divided by j.
37
Let z(k) = 6*k**2 - 3*k + 2. Suppose 5*f + 20 = 0, -y - 4*f - 16 = -2*f. What is the remainder when 541/7 - y/(-28) is divided by z(2)?
17
Let o = 193 - 69. Calculate the remainder when o is divided by 34.
22
Let j be 2/((48/(-117))/8). Let f = -33 - j. Calculate the remainder when f is divided by 2.
0
Let q(o) = o - 3. Let y be q(4). Let p(i) be the first derivative of 7*i**4/2 + i**3/3 - 3*i**2/2 + 2*i - 21. What is the remainder when 40 is divided by p(y)?
12
What is the remainder when 3/6*-1 - (-692)/8 is divided by 8?
6
Let g(u) = u**2 - 4*u + 2. Let k = -34 - -47. What is the remainder when k is divided by g(5)?
6
Calculate the remainder when 142 is divided by 3/12*-9*(-120)/9.
22
Suppose 2*m + 4*d - 17 = d, 23 = 5*m + d. What is the remainder when 22 is divided by (3/m)/(5/40)?
4
Let c = -88 - -131. Let t = c + -37. What is the remainder when 27 is divided by t?
3
Let f = -25 + 46. Let n be 2 + 0*(-2)/4. Suppose 0 = c + 3*v - n*v - 59, -4*v - 304 = -5*c. Calculate the remainder when c is divided by f.
18
Suppose m + l - 2 = -3*l, -2*m = -2*l - 4. Let r = 44 + -18. What is the remainder when m is divided by 3/(((-65)/r)/(10/(-6)))?
0
Let m = 25 + -17. Calculate the remainder when m is divided by 3.
2
Let a be -3*6/9*1. Calculate the remainder when a + -3 + 2 - -9*10 is divided by 15.
12
Let a(h) = -10*h + 1. Suppose 3*t = 3*f - 9, 3*f + 15 = 3*t + 8*f. What is the remainder when a(-2) is divided by t - (-9)/3*2?
3
Let x = 5035 + -4986. Suppose 9*z = 4*z + 155. Let l = z - 14. Calculate the remainder when x is divided by l.
15
Suppose -5*a + 125 = -0*a. What is the remainder when a is divided by (-6)/4 - 187/(-22)?
4
Let i(s) = -s + 5. Let z(y) = -y**3 - 5*y**2 - 5*y - 1. Let n be z(-4). Suppose 3*v = -n, -1 = -l - 2*v + 1. Calculate the remainder when l is divided by i(3).
0
Suppose 0 = 4*x + 2*q - 1048, x + 775 = 4*x - 4*q. Calculate the remainder when x is divided by 66.
63
Suppose -v = -5*v + 28. Let r(a) = -a**3 + 2 - 6*a + 0*a**2 + v*a**2 - a**2. What is the remainder when 29 is divided by r(4)?
9
Let a = 603 + -407. What is the remainder when a is divided by 40?
36
Let i(k) = -10*k - 30. Let h(n) = 7*n + 20. Let q(w) = -7*h(w) - 5*i(w). What is the remainder when 69 is divided by q(0)?
9
What is the remainder when -7 - -14 - (-77 + 13) is divided by 21?
8
Suppose -39*v + 41*v = -8, -120 = -2*u - 2*v. What is the remainder when 639 is divided by u?
63
Let s = -102 + 176. What is the remainder when s is divided by 20?
14
Suppose 5*c - 88 = 4*i + 12, 2*c - 2*i - 38 = 0. Let n(d) = -3*d - 3*d**2 - 3*d**2 + 3 - 3*d**2 + 10*d**2. What is the remainder when c is divided by n(5)?
11
Let r = -26 + 54. Calculate the remainder when 71 is div